0 = -134, 4*f = -2*r + 212. List the prime factors of f.
2, 13
Let r be (-6)/9 + 710/(-15). Let s = r - -85. List the prime factors of s.
37
What are the prime factors of 50/(-4)*(-120)/6?
2, 5
Let f(u) = u**2 + 4*u + 3. Let q be f(-4). Suppose 225 = q*r + 2*r. List the prime factors of r.
3, 5
Let s(g) = g + 97. Let i be s(0). Let h = i - 49. Let w = 78 - h. What are the prime factors of w?
2, 3, 5
Let u(m) = -m**3 + 26*m**2 - 8*m - 21. List the prime factors of u(15).
2, 3, 389
Let z(h) = 6*h**2 + 222*h + h**3 + 0*h**2 - 225*h - 6. Suppose 16 = -5*n - 2*k, 0 = -2*n + 3*k + 8 - 22. List the prime factors of z(n).
2, 19
Suppose -3*d + 21 + 57 = 5*u, 73 = 5*u - 2*d. List the prime factors of 25/(3 + (3 - 87/u)).
5
Let u(t) = 2*t**2 + 8*t - 9. Let h(y) = 3*y**2 + 9*y - 9. Let a(c) = 3*h(c) - 4*u(c). List the prime factors of a(9).
3, 5
Let g be -43*89 + (-9)/(-3). Let n be g/(-20) + 1/(-5). Suppose 79 = -4*k + n. List the prime factors of k.
2, 7
Let h(o) = o**2 - 43*o - 375. What are the prime factors of h(55)?
3, 5, 19
Suppose 2*z + 5*v - 9 = 0, 4*v - 10 = -2*z - z. Suppose 0 = o - z*k - 16, -o - 3*o = k - 100. Suppose -o = 5*h - 89. What are the prime factors of h?
13
Suppose 50*u + 37576 = 175526. List the prime factors of u.
31, 89
Let p(n) = 5*n**2 + 54*n + 8. List the prime factors of p(-16).
2, 53
Let f(g) = g + 7. Suppose 2*s - 5*u = 0, s - 2*u = -4*u. Let d be f(s). Suppose -91 = -4*y - d. What are the prime factors of y?
3, 7
Suppose 5*i + 29 + 1 = 0. Let r be (4/i)/((-2)/12). What are the prime factors of 54/8 - (-1)/r?
7
Suppose -30*t = -44*t + 6510. What are the prime factors of t?
3, 5, 31
Let o be (-4)/(-30) - 25656/45. Let z = -376 - o. List the prime factors of z.
2, 97
Let c(d) = 6*d**3 + d**2 + 2. Let a be c(-2). Let u(k) = -4*k**2 + 51*k + 2. Let v be u(14). Let h = a - v. List the prime factors of h.
2, 13
Let j(l) = -92*l - 569. Let m be j(-6). Suppose -4*i - 18 = -234. Let b = i + m. What are the prime factors of b?
37
Let h be 7 + -9 + (-13 - 0). Let f = -15 - h. Suppose f*a - 3*c = -2*a + 67, 0 = -5*a - c + 125. What are the prime factors of a?
2, 13
Let j = 22 - -321. Let h = -131 + j. What are the prime factors of h?
2, 53
Let q be (-556)/(-6) - 2*3/(-18). Suppose -a = -2*a - i + q, -4*i = 5*a - 465. What are the prime factors of a?
3, 31
Suppose 0 = 5*q - 4*q. Suppose q = 3*p - 5*c - 5, -3*p - 5*c = -32 + 7. Suppose 0 = p*g - 50 - 50. What are the prime factors of g?
2, 5
Let a(h) be the third derivative of -h**4/12 - h**3/3 + 6*h**2. Let i be a(-1). Suppose i = 2*p + p - 15. What are the prime factors of p?
5
Let b(g) = g**2 - 7*g. Let n be b(10). Suppose -4*i + n = -9*i. Let y = 27 + i. List the prime factors of y.
3, 7
Let m(d) = -8*d. Let o be m(-1). What are the prime factors of (-3 - -75)*o/6?
2, 3
Suppose -52*i + 56*i = 8. Suppose 2*f = i*m + 3*f - 514, m - 257 = 2*f. List the prime factors of m.
257
Suppose 6*a + 11044 = 10*a. What are the prime factors of a?
11, 251
Let f = -842 + 1203. What are the prime factors of f?
19
Suppose -7*q = 4*h - 2*q - 19, -5*h + 80 = -5*q. Suppose 111 - h = 2*o. List the prime factors of o.
2, 5
Suppose 0 = -0*h - 3*h - 2*j + 983, -2*j = 5*h - 1645. Suppose 5*c - h = 59. What are the prime factors of c?
2, 3, 13
Let r = -70 - -32. Suppose -x + 3 = -2*f, -3*f = 2*f + 2*x + 21. List the prime factors of (r/(-1))/(5 + f).
19
Let p = 34 - 31. Suppose -15 = -p*o + 3*n, 4*o - 2*n - 17 = 13. List the prime factors of o.
2, 5
Let j be 0/3 + 2 - -100. Suppose -4*d - d + j = -3*f, -5*f + 3*d - 186 = 0. List the prime factors of (-2 - -1)/(3/f).
13
Let k = 4244 + -2209. What are the prime factors of k?
5, 11, 37
Suppose -2*h + 164 - 33 = -3*d, 5*h = -10. Let k = 82 + d. List the prime factors of k.
37
Let j(q) = -166 + 7*q + 406*q + 168. Let m be j(1). Suppose -m = 2*c - 7*c. What are the prime factors of c?
83
Let r be -3 + -19*(-17 + 0). Suppose -s + r = 4*s. Suppose 7*z = 3*z + s. List the prime factors of z.
2
Let r = -60 - -54. Suppose -2*l + 49 = -5*w, -w + 4*l + 19 = -4*w. List the prime factors of r/w + 52/3.
2, 3
Let r = 378 + 116. Let m be (-6)/(-24) - r/(-8). Suppose -m = -4*l + 38. What are the prime factors of l?
5
Suppose -5*i + 2745 = 4*w + 800, -3*i - 2*w = -1169. What are the prime factors of i?
3, 131
Let d be 10 + -4 - (1 + 0). Suppose d*l - 543 = -4*q + 171, -3*q - 158 = -l. List the prime factors of l.
2, 73
Let o(j) = -j**3 + j + 108. Let v = -34 + 34. List the prime factors of o(v).
2, 3
Let p be (4 + -10)/(6/(-8)). Suppose -2*s = -4*t - p - 6, 4*s = -3*t + 6. Suppose -s*k + 22 + 8 = 0. List the prime factors of k.
2, 5
Suppose 1630*q + 16560 = 1638*q. What are the prime factors of q?
2, 3, 5, 23
Let y(h) = 7*h + 56. What are the prime factors of y(12)?
2, 5, 7
Let o(q) = -q**2 - q. Let b be o(0). Suppose -h = -5*s + 28, h + 0*h = -3. Suppose s*w - w - 112 = b. What are the prime factors of w?
2, 7
Let b(r) = -17*r**2. Let j be 7/(-21)*(2 + -5). Let c be b(j). What are the prime factors of 15*c/(-3) - 4?
3
Let n(q) = 2*q**2 - 12*q + 13. Let y be n(17). What are the prime factors of (-2)/(-6)*2 + y/27?
3, 5
Suppose 4*q - 119 = 3*p - 318, -p + 4*q = -69. Suppose 0*k + 2*k - 206 = 5*h, 3*h + 202 = 2*k. Let g = k - p. What are the prime factors of g?
3, 11
Suppose 14 = 4*z + 2*s, -5*z + z + 2*s = -10. Suppose -4*g + 164 = z*c, 0 = 4*c + 4*g - 116 - 104. What are the prime factors of c?
2, 7
Let x = -3 - 3. Let i(u) = -8*u + 11. List the prime factors of i(x).
59
Let l(q) = q**3 + 7*q**2 + 2*q + 8. Let t be l(-6). Suppose -r + t = 5*n, n = 3*n + 2*r - 16. Suppose -n*c = -8 - 94. What are the prime factors of c?
17
Suppose d + 0 = 20. Suppose 0 = -q + 5*w - 10, 5*w + 5 = 4*q - 0*q. Suppose 0 = 3*b + 4*p - d, -4*b - 26 = -8*b - q*p. List the prime factors of b.
2
Let y(c) = 6*c + 4. Let k be y(4). Let b = k + -1. Suppose 1 = -q + 5*j - j, -b = -3*q - 3*j. What are the prime factors of q?
7
Suppose g + 2*u - 18 = 0, 5*u + 8 = 3*g - 13. List the prime factors of (-684)/(-30) - (0 + g/15).
2, 11
Let s(d) = -74*d**3 - d**2. Let j be s(-1). Let g = 130 - j. What are the prime factors of g?
3, 19
Let a be 7 + (2 - (5 + -1)). Suppose a*m + 1 = 16. List the prime factors of m.
3
Let r = 147 - 75. Let u = -47 + 67. List the prime factors of r/u + (-8)/(-20).
2
Let w(m) = -10*m**3 + 13*m**2 + 50*m + 40. List the prime factors of w(-6).
2, 37
Let f be (-13 - -11) + 2 + 0. Let y(m) = -m + 23. Let h be y(f). Let z = 28 - h. What are the prime factors of z?
5
Suppose -10*o + 10 = -30. List the prime factors of o/20 - 1758/(-10).
2, 11
Let c(i) = i**3 + 2*i**2 + 7*i + 3. Let b(q) = -q**3 - 11*q**2 - 12*q - 14. Let f be b(-10). What are the prime factors of c(f)?
3, 37
Suppose -4*d + 1825 = 721. Let z be 1/(-2) - d/(-8). Let s = 62 - z. List the prime factors of s.
2, 7
Let d be (0/2)/((-6)/3). Suppose o + 0*o - 5*t - 17 = d, -6 = 2*t. Suppose p - 4*p + 22 = 2*w, -o*p = -5*w + 17. What are the prime factors of w?
5
List the prime factors of -12*((-504)/27)/4.
2, 7
List the prime factors of 3688*9/(-4 - -22).
2, 461
Suppose 0 = -3*s + 5*s - 4. Suppose -4*m = g - 2*g - 203, 270 = 5*m + s*g. List the prime factors of m.
2, 13
Suppose 12*v - 42 = 9*v. Let p(w) = -w**3 + 15*w**2 - 10*w + 6. List the prime factors of p(v).
2, 31
Let k = 843 - 239. Suppose 4*i = k - 88. List the prime factors of i.
3, 43
Let a(b) = 8*b**2 - 22*b - 119. What are the prime factors of a(-10)?
17, 53
Let v be (3 + -1 + 2)/1. Let d be 599/4 + 14 + 55/(-4). Suppose y + v*y = d. What are the prime factors of y?
2, 3, 5
Suppose -g + 84 = -451. Suppose -9*r + 158 = -g. List the prime factors of r.
7, 11
Suppose -3*d + 6 = -9. Suppose d*q - 966 = -2*q. What are the prime factors of q?
2, 3, 23
Suppose 7*l - 2*l = 5. Let q be (1/l + 3)*1. Suppose 0*y + 5*a = -5*y + 110, -5*y + q*a = -74. What are the prime factors of y?
2, 3
Suppose 0 = 67*q - 18*q - 44639. What are the prime factors of q?
911
Suppose -4*z = -621 - 2259. What are the prime factors of z?
2, 3, 5
Suppose -4*l = 3 + 57. Let x = 9 + -6. List the prime factors of (-175)/l + 4/x.
13
Let b = 41 + -46. What are the prime factors of b*1/(-5)*(-132)/(-2)?
2, 3, 11
Suppose s = -2*k + 60 + 42, 5*s = 4*k + 510. Let v = 176 - s. Suppose 4*z + 42 = i, 4*i + 3*z - v 